. List the prime factors of a.
137
Suppose -5*y = -3*t - 22, -5*t + 0*t = -5. Suppose -3 = 2*a + b, -3*b - 1 = y*a + 6. List the prime factors of 2/((-2)/87)*(a - -1).
3, 29
Let n(h) = 5*h**2 + 47*h - 285. List the prime factors of n(6).
3, 59
List the prime factors of (-69)/230 - (-24733)/10.
2473
Let g(i) = -1729*i - 1092. List the prime factors of g(-8).
2, 5, 7, 13
Let v(j) = -442*j + 7749. What are the prime factors of v(-84)?
3, 7, 2137
Let i = -8140 - -12502. List the prime factors of i.
2, 3, 727
Suppose 5*j - 2 = 13. Suppose -3*w + 379 = 2*b, -4*w + j*b + 413 = -64. What are the prime factors of w?
3, 41
Let r = -33731 + 76794. What are the prime factors of r?
43063
Suppose -2*f - 2*y = -6, -2*f - y - 12 = -4*f. Suppose 4*d - s = f*d - 155, 5*d + 4*s - 776 = 0. List the prime factors of d.
2, 3, 13
Let k(c) be the second derivative of -152*c**3/3 + 17*c**2/2 - 35*c + 2. List the prime factors of k(-1).
3, 107
Suppose 5*d = -20, -3*w + 7 = -3*d - 5. Suppose -u + 5*a + 45 = -w*u, -2*u - a = -79. List the prime factors of u.
2, 5
Let d be 216/20*(-15 - 5). Let l = d + 731. What are the prime factors of l?
5, 103
Suppose 11*w = 14*w - 9. Suppose w*i - a - 454 = 0, -3*a + 217 = 2*i - 71. What are the prime factors of i?
2, 3, 5
Let v(m) = 75*m**2 - 248*m + 2031. List the prime factors of v(8).
37, 131
Let a(s) = -43*s**3 - 14*s**2 - 92. What are the prime factors of a(-10)?
2, 3, 1153
Let d = 2801 + 2078. What are the prime factors of d?
7, 17, 41
Let o be 2/2*(-5380)/(-20). Let f = o + -267. List the prime factors of f.
2
Let r be (-1864)/(-7) + 2/(-7). Suppose 2*q = 14 + r. Suppose z = 6*z - q. What are the prime factors of z?
2, 7
Let v = 109 + -72. Suppose 30*u + 4844 = v*u. What are the prime factors of u?
2, 173
Suppose -4*l = a - 408 - 7148, 3*l + 2*a = 5672. What are the prime factors of l?
2, 59
Let n be (4 - 6)*1 - 2240/(-7). Let r = 512 - n. What are the prime factors of r?
2, 97
Let l(g) = 4*g**2 + 9*g - 9. Let z(o) = -o. Let m(i) = l(i) + 2*z(i). Suppose 0 = -53*b + 25*b - 112. List the prime factors of m(b).
3
Let z be (-2)/(-3) - (-79)/3. Let w = 2127 + -2140. Let v = w + z. List the prime factors of v.
2, 7
Let v(h) be the second derivative of 7*h**4/12 + 11*h**3/3 - 34*h**2 + 4*h - 8. List the prime factors of v(10).
2, 3, 71
Let d(l) = 24*l**3 - 29*l**2 + 29*l - 46. What are the prime factors of d(10)?
2, 23, 29
Let x = 439 - 439. Suppose 40*r - 35*r - 3*l = 6520, x = 5*r - l - 6520. What are the prime factors of r?
2, 163
Suppose -5*r - k + 6*k + 40 = 0, 0 = k + 3. Let b = 2 - -5. Suppose 0 = -2*g + 5*t + 87, b*t = r*g + 2*t - 180. List the prime factors of g.
31
Let h be ((-84)/(-10) - -1) + (-44)/110. Suppose 3*o + h = 0, -12*o = -4*c - 8*o + 1852. Suppose 0 = -8*x + 4*x + c. List the prime factors of x.
5, 23
Let a = 729 - 726. Suppose -5*g - 3*q + 1431 = -a*g, -q + 2129 = 3*g. List the prime factors of g.
2, 3, 59
Let q be -2*132*(-61)/8*2. Suppose 0 = -144*m + 150*m - q. What are the prime factors of m?
11, 61
Let g(r) = 1244*r - 26. Let x be g(1). Suppose -x = -7*b + 798. List the prime factors of b.
2, 3
Suppose k - 593 = -95. List the prime factors of 2/(-3)*(-4 - k - 8).
2, 5, 17
Let g(y) = -24*y**3 - y**2 + 15*y + 30. List the prime factors of g(-4).
2, 5, 149
Let v = -64274 - -113319. List the prime factors of v.
5, 17, 577
Let j(r) = 4*r - 123. Let v(x) = -3*x + 123. Let i(t) = 6*j(t) + 7*v(t). List the prime factors of i(-6).
3, 5, 7
Suppose 6*s + 4*u - 131508 = 0, 5*s - 6*u - 109590 = -4*u. List the prime factors of s.
2, 3, 13, 281
Let n = 11927 - -21024. What are the prime factors of n?
83, 397
Let b = 33553 - -2158. List the prime factors of b.
13, 41, 67
List the prime factors of (-4*(-2)/24)/(((-144)/(-45063))/16).
1669
Let c = 11512 - 4742. What are the prime factors of c?
2, 5, 677
Suppose 63 = -8*n + 159. Let z(x) = 2*x**3 - 21*x**2 + 12*x + 1. List the prime factors of z(n).
577
Let z = -636 + 640. Suppose -15 = -2*j - 19, -2906 = -2*s + z*j. List the prime factors of s.
3, 7, 23
Suppose -23*o = -18*o - 20. Suppose -3*q + o = 3*a - 2, 0 = 4*a + 12. Suppose -3*h = 5*w - 1091, 3*h + q = -4. List the prime factors of w.
2, 5, 11
Let o = 4385 + 21649. List the prime factors of o.
2, 3, 4339
Suppose 6672*k = 6708*k - 583272. List the prime factors of k.
2, 8101
Suppose 17*s - 198080 = 311019. List the prime factors of s.
29947
What are the prime factors of ((-28)/10)/(5/(-7350)) + -4?
2, 257
List the prime factors of ((-30)/14)/5 + (-4717116)/(-126).
3, 12479
Suppose 42*b + 52*b = 67*b + 48141. List the prime factors of b.
1783
Let i be (-17)/(4 - (2 + 1)). Let x(p) = 3*p**2 + 29*p + 13. What are the prime factors of x(i)?
3, 43
Suppose 0 = 2*y - 3*w - 8146, -3*y + 13959 = -2*w + 1740. What are the prime factors of y?
4073
Suppose 13*o - 6*o - 42 = 0. Let d(w) = 7*w - o*w + 23 + w. List the prime factors of d(-5).
13
Suppose 594*q + s + 71419 = 599*q, -57116 = -4*q + 4*s. List the prime factors of q.
5, 2857
Suppose 2*f - 52*f + 321420 = 16*f. What are the prime factors of f?
2, 5, 487
Suppose 0 = 9*z - 1388 - 2086. Suppose -4*s + 790 = -g, -11*g + 7*g + z = 2*s. List the prime factors of s.
197
Let q(g) = 16*g**2 + g + 4. Let f be q(-1). Let l(d) be the first derivative of 2*d**2 - 15*d + 1. List the prime factors of l(f).
61
Let p(w) = 161*w - 990. List the prime factors of p(26).
2, 17, 47
Suppose -48 = -7*x - 5*x. List the prime factors of (184/12)/(x/66).
11, 23
Let c be 25/(-10)*1996/10. Let d = c - -552. List the prime factors of d.
53
Suppose 10424 = -15*m + 10*m + 6*m. List the prime factors of m.
2, 1303
Let z = -19 + 23. Let m be (-552)/(-16) - (-2)/z. Suppose -37*u = -m*u - 130. List the prime factors of u.
5, 13
Let g = -4822 - -6787. List the prime factors of g.
3, 5, 131
Let i = 9763 + -7956. What are the prime factors of i?
13, 139
Suppose 0*y + 6*y - 48 = 0. Suppose y*z = 2143 + 2337. What are the prime factors of z?
2, 5, 7
Let z be (0 - 125/2)*-6. Suppose -3*h = -8*h + z. Suppose -5*d - 3*m + 233 = 0, -h = -2*d + 2*m + 15. What are the prime factors of d?
2, 23
Let w(i) = -4*i + 4. Let d be w(0). Suppose -6 = 2*v - d. List the prime factors of (0 - (-16)/(-20))/(v/155).
2, 31
Suppose -13*m - 3102 = -16*m. Suppose 0 = 4*r - 4*h - 0*h - 1400, 3*r + 5*h - m = 0. List the prime factors of r.
2, 3, 29
Suppose -694*i = -536*i - 555212. What are the prime factors of i?
2, 7, 251
Suppose 2*i - 4*o - 27108 - 25720 = 0, -o - 1 = 0. List the prime factors of i.
2, 3, 31, 71
Suppose -5*u + 639 = -5*t - 91, -304 = 2*t - 5*u. Let i = -52 - t. What are the prime factors of i?
2, 3, 5
Let d(l) = 310*l**2 + 51*l - 18. What are the prime factors of d(-7)?
5, 2963
Let y(g) = 21*g - 4. Let l = -190 - -110. Let s be ((-5)/10)/(2*4/l). What are the prime factors of y(s)?
101
Suppose -r - 2 + 7 = 0. Suppose -h + 4*w = 6, -5*h + 2*h = w + r. Let l(a) = -13*a - 4. What are the prime factors of l(h)?
2, 11
Let p(h) be the third derivative of 9*h**5/40 - h**4/12 - 2*h**3 + 2*h**2. Let n(l) be the first derivative of p(l). List the prime factors of n(3).
79
Suppose 3*u - 21252 = -3*y, 2*y + 1139 = 5*u - 34274. What are the prime factors of u?
3, 787
Let g(m) = -m**3 - 5*m**2 + 23*m - 5. Let w = -97 - -87. What are the prime factors of g(w)?
5, 53
Let v(c) = c**3 - 55*c**2 - 108*c + 133. What are the prime factors of v(58)?
17, 233
Suppose 4*o + 238 = 3*j + 1125, 3*j = -15. Suppose o = -3*w + 7*w + 2*z, z + 171 = 3*w. Let q = w - 28. List the prime factors of q.
2, 7
Let r be 20/80 + (-3)/12. List the prime factors of -113*(1 + r)*-1.
113
Let q = 7406 + -2130. List the prime factors of q.
2, 1319
Let k = 1003 - -4072. Suppose -11*b = -18*b + k. What are the prime factors of b?
5, 29
Let x = -41 - -44. Suppose 5390 = 5*u - x*a, 4*u + 9*a - 6*a - 4312 = 0. What are the prime factors of u?
2, 7, 11
Let h = 5267 - -23175. What are the prime factors of h?
2, 14221
Let v = 11782 + -6645. What are the prime factors of v?
11, 467
Let y(o) = o**2 - 21*o + 41. Let u be y(19). Suppose -u*v + 336 = -321. Let t = -111 + v. List the prime factors of t.
2, 3
Let j be 1/4 + (-17)/(612/(-135)). Suppose j*p - 4*g - 7084 = 0, -2*g - 1897 = -p - 126. List the prime factors of p.
7, 11, 23
Let m(x) = -2*x**2 - 357*x + 337. What 